75)/99)?
10
Let f be (-2080)/(-5) - (-6)/2. Let t = f - -34. Suppose -5*k - 3 = -t. What is the remainder when k is divided by 31?
28
Suppose -3*q - 5 = -20. Suppose 2*x - n + 4*n = 31, 0 = -q*x + 3*n + 130. Let f(j) = 6*j - 18. What is the remainder when x is divided by f(5)?
11
Let n = -24 + 26. Suppose 3*v + 2*f = 3*f + n, 3*v + f = -2. Suppose 4*x - 13 - 147 = v. Calculate the remainder when x is divided by 21.
19
Suppose 4*g - 14 + 2 = 0. Suppose -2*c - g*l = -5*c + 6, 2*l = c + 2. What is the remainder when 48 is divided by ((-75)/c)/(2/(-4))?
23
Let g(c) = -c**3 - c**2 - c - 1. Let z(o) = o**3 - 5*o**2 - 6*o + 1. Let b(w) = g(w) - z(w). Calculate the remainder when b(-2) is divided by 2.
0
Suppose 0 = q + j - 47, 0 = -4*j + 7*j. Calculate the remainder when 158 is divided by q.
17
Suppose 0 = -3*d - 4*h + 145, -5*d + 8*h = 5*h - 261. Calculate the remainder when 201 is divided by d.
48
Let s(g) = 11*g**2 + 67*g + 20. Calculate the remainder when s(-7) is divided by 39.
12
Suppose -7*o + 6*o = 4*t - 22, -170 = -5*o - 5*t. What is the remainder when 143 is divided by o?
29
Let t(f) = -30*f - 323. What is the remainder when t(-19) is divided by 62?
61
Suppose -11*t + 32 = -3*t. Let r be (-16)/12*(-12)/8. Suppose -210 - 179 = -5*w - t*x, -5*w + r*x = -383. Calculate the remainder when w is divided by 10.
7
Let o = 36 - 38. What is the remainder when 88 is divided by (0 + o)*(132/(-8) + 1)?
26
Calculate the remainder when 932 is divided by ((-527)/62)/((-1)/2).
14
Suppose -7*h - 27 = -2*h - 3*c, -3 = 5*h + 3*c. Let q be h*24*(-8)/(-36). What is the remainder when (-226)/(-4) - 24/q is divided by 30?
28
Suppose 35*h - 6031 - 2299 = 0. What is the remainder when h is divided by 60?
58
Let a = 1104 - 1053. Calculate the remainder when a is divided by 47.
4
Suppose -3*y + 56 = -5*r, -y - 5*r + 52 = -0*y. Let s = y - 22. What is the remainder when 18 is divided by s?
3
Let c(d) = 3 - 14*d + 14*d**2 - 7 - 15*d**2. What is the remainder when c(-11) is divided by 6?
5
Let p = -211 - -228. Calculate the remainder when 150 is divided by p.
14
Suppose 0 = -4*c + 3*x + x - 168, 2*c = 4*x - 76. Let w = 90 + c. What is the remainder when 173 is divided by w?
41
Let w be 27 + -5 - (1 + 3). Suppose w + 47 = 5*m. Calculate the remainder when m is divided by 7.
6
Let z(n) = -227*n + 23. Calculate the remainder when z(-1) is divided by 12.
10
Let d(p) = -4*p**3 - 11*p**2 - 18*p - 3. What is the remainder when 477 is divided by d(-2)?
15
Let d = -14 + 9. Let w(j) = j - 3. Let t be w(d). Calculate the remainder when 27 is divided by 195/27 - t/(-36).
6
Let p(f) = -99*f - 1. Suppose -13 = -2*o + 5*o + 4*h, -4*o - 12 = 4*h. Calculate the remainder when p(-1) is divided by 31 - ((-2)/o)/1.
32
Let p = -18 - -32. Let y(v) be the first derivative of v**3/3 - 13*v**2/2 + 12*v + 7. What is the remainder when 74 is divided by y(p)?
22
Let p(k) = k**3 + 5*k**2 + k - 10. Let t be p(-3). Let u(b) = -b - 4 + 2*b + 0*b. What is the remainder when 3 is divided by u(t)?
0
Suppose 98 = 7*y + 35. Let m(b) = 7*b - 31. Calculate the remainder when m(y) is divided by ((-11)/2)/(1/(-2)).
10
Let d be 2/3*(-1539)/(-18). Suppose -189 + d = -3*c. What is the remainder when c is divided by 12?
8
Let v = 103 - 52. Let w = v + -78. Calculate the remainder when 31 is divided by ((-18)/w)/(2/51).
14
Suppose -47 + 12 = 5*f. Let h be 1656/(-63) + (-2)/f. Let y = 51 + h. What is the remainder when y is divided by 9?
7
Suppose -16*r = -4*r - 60. What is the remainder when 21 is divided by r?
1
Let h = 6692 - 6647. Suppose -s - 6 = -2. Calculate the remainder when h is divided by 12/((s/2)/(-2)).
9
Let b(v) = v + 20. Let n be -2*(0 + (2 - -1) + 2). What is the remainder when 27 is divided by b(n)?
7
Let h(j) = 47*j + 811. Calculate the remainder when 458 is divided by h(-16).
45
Calculate the remainder when -1 + 3 - (0 + -15) is divided by (2 + -17)*((-36)/(-20))/(-3).
8
Let l be 27 + (1 - 2 - -3). Let m = l + -4. Calculate the remainder when -4 - ((-4536)/60 + (-2)/5) is divided by m.
22
Let a = -4 - -8. Suppose -104 = -a*q - 0*q. Calculate the remainder when q is divided by 7.
5
Suppose b + 3*k - 450 = 0, -6*b + 3*b = 5*k - 1330. Calculate the remainder when b/(-10)*2/(-6)*4 is divided by 5.
3
Let m(v) = v + 27. Suppose 235 + 59 = 21*x. Calculate the remainder when m(0) is divided by x.
13
Suppose 0 = 4*o - 10 + 2, -14 = -4*c + 5*o. What is the remainder when 50 is divided by c?
2
What is the remainder when -1*(-928)/((-28)/(-7)) is divided by 18?
16
Let h = -10 + 13. What is the remainder when 1/h + (-80)/(-3) is divided by 14?
13
Let r be (-2)/(-6) - (-224)/21. Suppose -31 = -2*b + r. Calculate the remainder when b is divided by 8.
5
Suppose -29*j + 960 = 11*j. Calculate the remainder when 116 is divided by j.
20
Suppose u = 22 - 17. What is the remainder when 25 is divided by u?
0
What is the remainder when 112 is divided by ((-2120)/180)/((-4)/18)?
6
Suppose o = 9*o - 472. Let x = 62 - o. What is the remainder when 4 is divided by x?
1
Let v(f) = 3*f**2 + 4*f - 5. Let l be v(-3). What is the remainder when 33 is divided by 20*(-4 - (-46)/l)?
9
Suppose 19*o - 674 = 1131. Let c(u) = u**3 - u**2 + u + 25. Calculate the remainder when o is divided by c(0).
20
Let g(x) be the third derivative of -x**4/12 + 7*x**3/6 - 6*x**2. Let u be g(4). Let a = 9 + u. Calculate the remainder when 30 is divided by a.
6
Let d(y) = -2*y - 1. Let h(w) = -2*w + 7. Let r be h(2). Let p(i) = i**2 + i + 2. Let m(g) = r*d(g) + 4*p(g). Calculate the remainder when m(2) is divided by 9.
8
Suppose 0*i + 9 = i. Suppose -i + 3 = -6*v. Calculate the remainder when 2 is divided by v.
0
Let m(z) = z**3 - z**2 - z + 20. Let j be m(0). Suppose 3*x + j = 7*x. Calculate the remainder when x is divided by 2.
1
Let y = 50 - -52. Let k(s) = -13*s - 26. Calculate the remainder when y is divided by k(-4).
24
Let p(h) = 6*h**2 + 31. Calculate the remainder when p(6) is divided by 11.
5
Suppose -198*x + 143 = -187*x. Suppose -2 = -o - 0. Calculate the remainder when 3/o*-1*-42 is divided by x.
11
Let z be 1 - -3 - 1/(-1). Suppose -5*s + 59 = 2*a - 119, z*s = 5*a - 480. What is the remainder when a is divided by 12?
10
Let w(p) = 9*p**2 - 2. What is the remainder when 96 is divided by w(-2)?
28
Suppose -2*r - 3*l + 18 = r, 3*l = -r + 10. What is the remainder when 13 is divided by r?
1
Suppose a + 45 = 4*k, -4*k - 4*a + 30 = -30. What is the remainder when 2469 is divided by k?
9
Let q(t) = -13*t + 18. Suppose 6*u + 10 = -26. What is the remainder when q(u) is divided by 28?
12
Suppose -8*j + 3586 = 3*j. What is the remainder when j is divided by 66?
62
Suppose 5*d - 4*v + 26 = 4*d, 5*v = -3*d - 95. Calculate the remainder when 39 is divided by 2/6 - 230/d.
7
Suppose -5*x + 105 = 35. Suppose -2*q - q - 18 = -i, 2*i + 24 = -4*q. What is the remainder when -1 + (-3)/(q/136) is divided by x?
11
Let l(d) = d**2 + d + 60. Let y be l(0). Let u = y - 31. Calculate the remainder when 85 is divided by u.
27
Suppose 8 = 4*b, 3*q + 4*b - 2*b = 253. Suppose 2*w = w - 2*k + 7, -2*k = -5*w + q. Let j = 7 + 2. What is the remainder when w is divided by j?
6
Let n = 34 - 32. Calculate the remainder when (-117)/(-6) - n/4 is divided by 4.
3
Let q = -3 + 91. Let p = -199 - -222. Calculate the remainder when q is divided by p.
19
Let m(h) = h**2 - 5*h + 7. Let c be m(4). Suppose 5*n = -c*r + r - 3, -2*r + 37 = -3*n. What is the remainder when 30 is divided by r?
8
Let r(z) = z**3 + 2*z**2 - 3*z - 5. Let u be r(-3). Suppose 3*k - 54 - 6 = 0. Calculate the remainder when k*(35/(-4))/u is divided by 18.
17
Suppose -3*k = -4*i + 7, -k + 18 = 3*i + 3. Calculate the remainder when 50 is divided by k.
2
Calculate the remainder when ((-72)/(-15))/(3/15) is divided by ((-12)/(-15))/2 - 174/(-15).
0
Suppose -9 = -5*a + 36. Let x(n) = -6*n**3 - 3*n**2 + 1. What is the remainder when a is divided by x(-1)?
1
Calculate the remainder when (-1 + -1 + -7)/(6/(-22)) is divided by 10.
3
Let h = 22 + -20. Suppose 5*m - h*v = -5*v + 116, 3*m = -4*v + 74. What is the remainder when 62 is divided by m?
18
Suppose -6*p + 6 = -36. Let z = 21 - 16. Suppose -z*k = -s - 101, 0 = 2*s - p - 1. Calculate the remainder when k is divided by 6.
3
Suppose 2*d = -a - 38, -d + 4*d = -3*a